hat is -15 - -1443?
1426
In base 15, what is -14 - 4d?
-62
In base 7, what is 133 - 4?
126
In base 15, what is 57d + 0?
57d
In base 7, what is 3 - 13222?
-13216
In base 7, what is 1 - -223?
224
In base 9, what is -10 + 178?
168
In base 16, what is -1555 - -1?
-1554
In base 2, what is -1 - -1001011?
1001010
In base 14, what is 1085 + 5?
108a
In base 14, what is -31 - 33?
-64
In base 2, what is -101101 + 1101?
-100000
In base 9, what is -8 - -105?
86
In base 12, what is 2 + -113?
-111
In base 15, what is -5a - 3?
-5d
In base 2, what is 1 - -10000011?
10000100
In base 5, what is 21 + -122?
-101
In base 6, what is 0 + -20?
-20
In base 16, what is e + 1?
f
In base 15, what is 2b - 1?
2a
In base 10, what is -1 - -579?
578
In base 15, what is -47 + e?
-38
In base 3, what is -1 + -2012?
-2020
In base 8, what is 5 + -540?
-533
In base 14, what is -10 + 2a?
1a
In base 10, what is 0 + 937?
937
In base 15, what is 3224 - 3?
3221
In base 8, what is -7162 - -3?
-7157
In base 2, what is -11 + -11001100000?
-11001100011
In base 13, what is -636 + 5?
-631
In base 2, what is 1101111 + 1011?
1111010
In base 4, what is -31001 - -2?
-30333
In base 13, what is 736 + -3?
733
In base 4, what is 2 + -22101?
-22033
In base 11, what is 0 - -44?
44
In base 12, what is 66 - -2?
68
In base 14, what is b - -11?
1c
In base 7, what is -12 + 40?
25
In base 2, what is 1101010 - 101?
1100101
In base 2, what is 1011100111011 + 0?
1011100111011
In base 7, what is -33 - -5?
-25
In base 4, what is 1221 + -11?
1210
In base 7, what is -201 - -5?
-163
In base 13, what is 417 + -1?
416
In base 16, what is 2131 + 0?
2131
In base 11, what is -5 + 1?
-4
In base 3, what is 10 + 1000021?
1000101
In base 2, what is -11100101000 + 11?
-11100100101
In base 13, what is -514 + -4?
-518
In base 13, what is 46 + 33?
79
In base 10, what is 3 + 34?
37
In base 3, what is 10 + 1021?
1101
In base 11, what is 1 - -55?
56
In base 16, what is 819 - -5?
81e
In base 13, what is 4a44 - 0?
4a44
In base 6, what is 15454 - 3?
15451
In base 16, what is -79d + -4?
-7a1
In base 10, what is 1399 - 8?
1391
In base 16, what is 18 + 21?
39
In base 8, what is 3 - 175?
-172
In base 4, what is -212 + 22?
-130
In base 3, what is 20011 + -2?
20002
In base 3, what is 2222 - 11?
2211
In base 2, what is 10 + 101010?
101100
In base 15, what is -273 - -3?
-270
In base 8, what is -3 - 255?
-260
In base 4, what is -111 - 32221?
-32332
In base 10, what is 2350 + -3?
2347
In base 8, what is 174 + -20?
154
In base 6, what is -2212 + 33?
-2135
In base 11, what is -62 - 33?
-95
In base 10, what is -13 - 84?
-97
In base 15, what is ad + 4?
b2
In base 4, what is -1201 - 3?
-1210
In base 15, what is 166 - 0?
166
In base 14, what is -5 - -1a5b?
1a56
In base 7, what is 135 - -14?
152
In base 12, what is -276b + -3?
-2772
In base 8, what is 454 - -16?
472
In base 8, what is -155 - 1?
-156
In base 8, what is -117 + 12?
-105
In base 5, what is 1 + -102?
-101
In base 15, what is 0 - a?
-a
In base 11, what is 29a - a?
290
In base 5, what is -34 + 10?
-24
In base 10, what is -129 - 0?
-129
In base 3, what is -10002 - -1?
-10001
In base 7, what is 0 + -210?
-210
In base 5, what is -1431 + 14?
-1412
In base 15, what is -11 + -9?
-1a
In base 8, what is 15 - 71?
-54
In base 7, what is 235 - 65?
140
In base 11, what is -84 + 1?
-83
In base 5, what is 311 - -143?
1004
In base 15, what is 0 + -13d?
-13d
In base 7, what is -4 + -326?
-333
In base 3, what is 12 - 210?
-121
In base 4, what is 31 + -230?
-133
In base 3, what is 102202 - 11?
102121
In base 13, what is 231 + 0?
231
In base 3, what is 10101121 + 20?
10101211
In base 15, what is 3 - 678?
-675
In base 13, what is 18 + 0?
18
In base 2, what is 101 - -10110101?
10111010
In base 2, what is 1000001 - -10?
1000011
In base 6, what is -5 - -20?
11
In base 9, what is 1 - 11?
-10
In base 2, what is 100 - -1010101?
1011001
In base 8, what is -1613 - -5?
-1606
In base 3, what is -21221012 + -2?
-21221021
In base 12, what is -748 + -2?
-74a
In base 9, what is -10 - -2?
-7
In base 2, what is -100101000101 + -10?
-100101000111
In base 15, what is 6c + 5?
72
In base 5, what is -4 + 13?
4
In base 16, what is 0 + 45e?
45e
In base 13, what is c01 + -7?
bc7
In base 2, what is 1100 - 11110?
-10010
In base 8, what is -4 + 61?
55
In base 16, what is -8e + 5?
-89
In base 10, what is -360 + 1?
-359
In base 15, what is -64c - -3?
-649
In base 2, what is -10101 + -111110110?
-1000001011
In base 4, what is -121012 - 11?
-121023
In base 11, what is 4 + 336?
33a
In base 8, what is -4 + -2120?
-2124
In base 9, what is -6 + 245?
238
In base 2, what is 11100011 - 100100?
10111111
In base 14, what is 238b + 3?
2390
In base 16, what is 5 + -211?
-20c
In base 11, what is 983 + 5?
988
In base 10, what is 5 - -50?
55
In base 14, what is 39 - 7?
32
In base 4, what is -23 - -3?
-20
In base 14, what is 0 - -2a1?
2a1
In base 10, what is -190 - 20?
-210
In base 5, what is -22 - -3?
-14
In base 12, what is -65 - b2?
-157
In base 9, what is 35 + 17?
53
In base 9, what is 3 + 368?
372
In base 6, what is 501 - 11?
450
In base 9, what is 1000 + 3?
1003
In base 7, what is 12335 - 0?
12335
In base 2, what is 10110 - 1101011010?
-1101000100
In base 10, what is -61 + 11?
-50
In base 8, what is 407 - -5?
414
In base 13, what is -b0 - -1?
-ac
In base 16, what is 11 + a?
1b
In base 7, what is 656 - 10?
646
In base 14, what is -b7 + -19?
-d2
In base 9, what is -37 - 2?
-40
In base 7, what is 655 - -2?
660
In base 2, what is -1101010101111 - -100?
-1101010101011
In base 9, what is 2 - -2347?
2350
In base 8, what is 3 + -10374?
-10371
In base 10, what is -16366 + 1?
-16365
In base 13, what is -2 + 3b?
39
In base 4, what is 3 + -33?
-30
In base 15, what is -5a - -53?
-7
In base 13, what is 24 - 1?
23
In base 8, what is -1015 + 5?
-1010
In base 7, what is 240 + -3?
234
In base 5, what is -41 - -2?
-34
In base 8, what is 3 - 205?
-202
In base 4, what is 103 + -10223?
-10120
In base 15, what is -591b + 0?
-591b
In base 11, what is 1a - -16?
35
In base 11, what is -6 - 161?
-167
In base 12, what is 5725 + 5?
572a
In base 4, what is 10132 - -11?
10203
In base 9, what is -3 + -81?
-84
In base 2, what is -11 - 110011111000?
-110011111011
In base 12, what is 2 + 5aa?
5b0
In base 14, what is -2 - -1d?
1b
In base 11, what is 443 + 0?
443
In base 8, what is 3700 - 4?
3674
In base 11, what is -29 + -130?
-159
In base 13, what is -2 - -200?
1cb
In base 10, what is 3425 - 3?
3422
In base 9, what is 3 - -4584?
4587
In base 8, what is -5 + 54?
47
In base 11, what is -1564 - -3?
-1561
In base 4, what is -11331 + 23?
-11302
In base 2, what is -1 + -1000001?
-1000010
In base 10, what is -5 - -1615?
1610
In base 5, what is -10 - -1103?
1043
In base 3, what is -1 - -12122101?
12122100
In base 10, what is -1164 + 15?
-1149
In base 13, what is 0 - 93?
-93
In base 11, what is 213 - -2?
215
In base 8, what is -101 + -1?
-102
In base 8, what is 4 + -1414?
-1410
In base 4, what is -32202 - 3?
-32211
In base 4, what is 12 - 103?
-31
In base 5, what is -1414 - 241?
-2210
In base 11, what is -2 - 1025?
-1027
In base 2, what is -1100000 - -11?
-1011101
In base 5, what is 1 + 311?
312
In base 8, what is 25 - 13?
12
In base 7, what is 24 - 55?
-31
In base 7, what is -360 + 30?
-330
In base 5, what is -1244 - 243?
-2042
In base 11, what is -49 - 0?
-49
In base 12, what is 121 + -1?
120
In base 7, what is 2623 - -14?
2640
In base 7, what is 12 - -51?
63
In base 11, what is 0 + 1128?
1128
In base 7, what is 226 - 20?
206
In base 12, what is 3 + 25?
28
In base 16, what is 3 - 94f?
-94c
In base 16, what is 1 + -14?
-13
In base 2, what is -10 - 11111?
-100001
In base 11, what is -411 - 1?
-412
In base 4, what is -1310 + 3?
-1301
In base 10, what is 737 - 7?
730
In base 5, what is 1 + -224?
-223
In base 16, what is 1 + 3b?
3c
In base 2, what is 100011100 + 101?
100100001
In base 10, what is -39 - -9?
-30
In base 8, what is 5 + 16561?
16566
In base 11, what is 227 - -2?
229
In base 16, what is -5 - -6c2?
6bd
In base 9, what is 0 - 8?
-8
In base 16, what is 10 + -bb?
-ab
In base 2, what is -100000 + 100100000?
100000000
In base 6, what is -122 - -12?
-110
In base 12, what is -746 + 3?
-743
In base 11, what is 37 - -151?
188
In base 8, what is 17 - 517?
-500
In base 13, what is 27 - 1?
26
